35 = -5*a - 4*p - 0*p, -5*a - 5 = -2*p. Calculate h(a).
0
Let g(u) = -u**3 - u**2 + u - 1. Let n(a) = 3*a**3 + 4*a**2 - 3*a - 1. Let d(r) = 2*g(r) + n(r). Determine d(-3).
-9
Let g(o) = -o**3 + 5*o**2 + 3*o - 8. Suppose 0 = -4*z - 4 + 28. Give g(z).
-26
Let g(t) = t**2 + 2*t + 6. Let d(n) = -5*n**2 + 4*n + 5. Let r be d(-1). Calculate g(r).
14
Let d(w) be the third derivative of w**6/120 + w**5/15 - w**4/12 - 2*w**3/3 - w**2. What is d(-4)?
4
Suppose -1 + 10 = -4*z - 3*k, 5*z - 4*k - 12 = 0. Let j(i) = -i**2 - 2. What is j(z)?
-2
Let n be -3*(-14)/105*(1 + 4). Let r(q) be the second derivative of -3*q + 0 - 1/2*q**n - 1/3*q**3. Determine r(5).
-11
Let l(j) = 25*j + 5. Let d(t) = -6*t - 1. Let i(n) = 26*d(n) + 6*l(n). Calculate i(3).
-14
Suppose 3*a - 21 = 3*q, -18 + 2 = -2*a + 3*q. Suppose a*l = 2*l. Let d(j) = 4*j**3 - j + j**2 - 4*j**3 + j**3. Determine d(l).
0
Let g = -30 + 19. Let d(r) = -r**2 - 12*r - 4. Determine d(g).
7
Let t = 1 - 6. Let g be t*4*2/10. Let l(f) = f**3 + 3*f**2 - 3*f + 3. Give l(g).
-1
Let x(s) be the second derivative of s**8/6720 - s**6/720 + s**5/120 - 5*s**4/6 + 9*s. Let w(o) be the third derivative of x(o). Calculate w(0).
1
Let n(v) be the first derivative of v**4/4 - 5*v**3/3 - 5*v**2/2 + 3*v + 15. Let j be (-62)/(-10) + (-2)/10. Give n(j).
9
Let b(y) = 2*y - 2. Suppose 0 = -2*r - 5*g - 11, -7 = 3*g + 2. Determine b(r).
2
Let b(y) be the second derivative of -y**5/20 + y**4/4 + 2*y**3/3 - 3*y**2/2 - y. Let v be 24/(-9)*(-6)/4. Suppose v*o - 18 = 2*i, i - 5*i = o. What is b(o)?
-3
Let m(x) = -2*x**2 + x + 1. Let l(g) = 1 + 3*g**2 - g**2 - 2*g - 2. Let j be l(2). Suppose 0 = j*f - 2*f, o + 4*f - 2 = 0. Determine m(o).
-5
Let z be (4/12)/(3/(-63)). Let n(p) = -7*p + 8. Let f(g) = 8*g - 9. Let c(y) = z*n(y) - 6*f(y). What is c(4)?
2
Suppose -2*v - 10 = -2*c, -4*c - v = v + 4. Suppose 0 = -0*g + g + c. Let h(f) = -6*f + 10. Let p(i) = -4*i + 7. Let x(q) = 5*h(q) - 7*p(q). Calculate x(g).
3
Let w(b) = 7 + 4*b - 2*b - 1. Let s(x) = 2 - 7 + 3*x + 4. Let i be s(-1). What is w(i)?
-2
Let w(l) be the second derivative of -1/12*l**4 - 3/2*l**2 + 0 - 4*l + 3/2*l**3. What is w(4)?
17
Suppose 0 = -39*j + 41*j + 8. Let t(f) = f - 2. Give t(j).
-6
Let i(a) = a + 6. Let b(n) = n + 3. Let l(j) = j + 4. Let x(p) = -2*b(p) + 3*l(p). Let k(v) = 5*i(v) - 6*x(v). Let q be (0 - 2) + (-7 - -4). Give k(q).
-1
Let g be (-1)/(1/(-3)) - 15. Let x be 2 - (-1)/((-2)/g). Let i(z) = 0*z - x + 0*z - 2*z + 3. What is i(-5)?
5
Let w(v) = 6 + v - 2*v + 2*v - 7*v + v**2. Give w(5).
1
Suppose 13*y - 18*y = -120. Suppose -s = 5*s - y. Let k(u) = 5 + 3 - 3 - 2*u. Give k(s).
-3
Let x = 6 + -4. Let k be ((-16)/(-6))/((-18)/(-27)). Let a(q) = k*q**2 + 5*q + 6 - 2*q**2 - q**x. Determine a(-5).
6
Let b = 1 - -1. Let c = 2 + b. Let z(o) = 3*o - 3 - 2 - 1. What is z(c)?
6
Suppose -3 = -6*s + 3*s. Let r(x) = 3*x**2 + s + 4*x + 2*x**3 - 2*x + 0*x - x**3. Calculate r(-3).
-5
Let f(n) = n**2 + 11*n + 7. Let y be (-2)/(20/(-175) - (-2)/5). Give f(y).
-21
Let m(v) = 4*v**2 + 2. Let c be 2/(-6) + 13/3. Let d(t) = -5*t**2 - 2. Let a(x) = c*m(x) + 3*d(x). Let r be (-2)/5 + 18/45. What is a(r)?
2
Suppose 4*f - 8 = 0, -f - 25 = 3*l - 9. Let t = l + 12. Let o(v) = -v**3 + 6*v**2 + 2*v + 2. Give o(t).
14
Let u = -25 - -28. Let n(z) = z**3 - 4*z**2 + 5*z - 3. Determine n(u).
3
Let y be 18/(-27)*(2 + -5). Let p(t) = 3*t**2 - 4*t + 3. What is p(y)?
7
Let z(p) be the second derivative of -p**4/12 + 2*p**3/3 + 5*p**2/2 - 8*p. Give z(5).
0
Let o(k) be the second derivative of k**3/6 - 9*k. Give o(5).
5
Let j(i) be the second derivative of 1/12*i**4 + i**3 - 3/2*i**2 + 2*i + 0. Give j(-6).
-3
Let x(a) = a - 7. Let r(n) = n + 11. Let z(c) = -c**2 - 4*c + 6. Let m be z(-6). Let v be r(m). What is x(v)?
-2
Let o be (8/7)/(4/14). Let i(v) = -2*v + 1. What is i(o)?
-7
Let j(h) = 5 - 2 - 2*h + h**3 + 3*h - 20*h**2 + 15*h**2. Determine j(4).
-9
Suppose 0*d + 4*i + 20 = 2*d, -14 = d + 4*i. Suppose 3 + 1 = d*v. Let h(n) = -n**3 + n**2 + n - 2. What is h(v)?
-4
Let r(c) = -5*c + c + 57*c**3 - 56*c**3. Determine r(3).
15
Let d(l) = 4*l + 13 - 3*l - 11 + l. Let b(t) = -t**3 - 5*t**2 + t + 1. Let m be b(-5). Calculate d(m).
-6
Let t(y) be the second derivative of -y**6/120 - y**5/15 + y**4/4 + y**3/3 - y**2/2 + 3*y. Let g(d) be the first derivative of t(d). Give g(-5).
-3
Let c = 0 - 0. Suppose c = 3*l - 8 + 2. Let v(i) = 3 + 2 - 2*i - 2. What is v(l)?
-1
Suppose 2*k + 5*f - 1 = -8, -k = -f + 7. Let g(q) = 1. Let v(s) = s + 9. Let h(w) = 3*g(w) - v(w). What is h(k)?
0
Let v(k) be the second derivative of k**3/2 - k**2 - 51*k. Determine v(-3).
-11
Let g = -28 + 88. Suppose -h = 4*h - g. Let n be (h/10)/((-3)/(-10)). Let c(s) = s**3 - 3*s**2 - 5*s + 4. Determine c(n).
0
Let n(s) = -2*s**2 + 3*s + 26. Let o(b) = -b**2 + b + 13. Let l(g) = -6*n(g) + 11*o(g). Determine l(9).
5
Let u(o) be the second derivative of o**7/2520 - o**5/12 + o**4/3 + 4*o. Let f(g) be the third derivative of u(g). Let i be 1 + (2 - 2) - 1. What is f(i)?
-10
Let r(x) be the first derivative of x**4/4 + 2*x**3 + 3*x**2/2 + 8*x + 43. Determine r(-6).
-10
Let x(h) = h**2 - 3 - 1 + 2*h + 6 - 1. What is x(-2)?
1
Let i(n) = n**3 - 4*n**2 - 1. Let q(j) = 2*j**2 - 17*j - 6. Let p be q(9). Calculate i(p).
-10
Suppose 0 = -2*s + 1 + 5. Suppose -4*k + 5*y - 24 = y, -s*y = 4*k + 10. Let u(r) = -7*r**2 - r**3 - 4 + 3 + 3*r**2. What is u(k)?
-1
Let i(q) = q**3 + 4*q**2 + 2*q + 6. Let w be (-9)/(-2)*2/3. Let z be (-9)/(45/(-12) + w). Suppose z = -h - 2*h. What is i(h)?
-2
Let o(m) = 1 - 4*m + 12*m + 5*m**3 - 8*m - 2*m**2. Let z(p) = p**3 - 4*p**2 + 4*p - 4. Let d be 1/(10/(-6) + 2). Let j be z(d). Give o(j).
-6
Let q(v) = v + 5. Let d be q(-11). Suppose -4*i + 4*y = 2*y - 6, 0 = -2*i - 2*y + 12. Let m(j) = 5*j**2 - i + 0*j**3 - 3*j**3 - 7*j + 4*j**3. What is m(d)?
3
Let r(o) = 16*o**2 + 29*o + 14. Let k(q) = -3*q**2 - 6*q - 3. Let g(w) = -11*k(w) - 2*r(w). Determine g(-6).
-7
Suppose 0 = 5*i + 5, 3*l - i + 5*i = 8. Let g(h) = 5 + 7*h - l*h - 2*h. Let n(y) = -y**2 + 7*y - 9. Let m be n(6). Determine g(m).
2
Let i(k) = 5*k**3 - k**3 + 3*k**2 + 2 + k**3 + k - 6*k**3. Suppose -5*w = 4*m - 21, -4*m + 7*w - 4*w = -13. Determine i(m).
-10
Let l(r) = r**2 - r. Let q(o) = 7*o**2 + o - 8. Let k(s) = 6*l(s) - q(s). Determine k(-7).
8
Let x be 168/27 - (-4)/(-18). Let v = x + -1. Let t(j) = -j**3 + 4*j**2 + 6*j - 7. Determine t(v).
-2
Let i(d) be the second derivative of d**5/20 - 7*d**4/12 + 5*d**3/6 - d**2 + 12*d. Determine i(4).
-30
Let f be (-25)/(-45)*12/40*1. Let a(u) be the second derivative of f*u**3 + 4*u + 0 - 2*u**2. What is a(6)?
2
Let b(h) = h**2 - 6*h + 7. Let w be (0 + 6/5)/(1/5). What is b(w)?
7
Let k(q) = q**2 - 5*q. Let l = -7 + 23. Suppose 3*r = 4*n + l, 3*r + 2*n - 3 - 7 = 0. Determine k(r).
-4
Let h(p) = -10*p - 7. Let c(t) = -t - 1. Let f(x) = -18*c(x) + 2*h(x). Let a be (-1)/(-3*(-2)/42). Let r = a + 12. What is f(r)?
-6
Let d(c) = -7*c**3 - 5*c**2 + 7*c + 6. Suppose 5*x = 2*l + 15, 3*x + 0*l - 2*l = 13. Let v(s) = s**3 - s - 1. Let w(m) = x*d(m) + 6*v(m). Determine w(-5).
-5
Let t = -5 + 9. Let l(f) = f**3 - 4*f**2 - 5*f + 7. Let y be l(5). Let d(w) = 4*w - 6*w - w**2 + y*w. Give d(t).
4
Let w(j) = 2*j - 2. Let k(b) = b**3 - 3*b**2 - b**2 + 4*b - 2*b**3 - 1. Suppose 0*d + 10 = -2*d. Let f be k(d). Calculate w(f).
6
Let w(q) = -q - 7. Suppose -3*o + 27 = -5*c, c - 5*o = -6 + 5. Determine w(c).
-1
Suppose 0 = -5*b - 12 - 13. Let t(w) = -w + w**3 + 0*w + w**2 + 2 + w**2 + 3*w**2. Determine t(b).
7
Let m(n) = -n**3 - 3*n**2 + 5*n. Let g be 1404/14 - 2/7. Let v be g/(-26) + 4/(-26). Determine m(v).
-4
Suppose -3*y + 25 - 1 = 0. Let i be (-12)/y*(-2)/3. Let n(r) = -1. Let z(p) = 2*p + 2. Let t(f) = i*z(f) + n(f). Give t(2).
5
Let r be 0 + (1 - (-1 + -3)). Let t(u) = -6 + 68*u**2 - 139*u**2 + 70*u**2 + 5*u. Give t(r).
-6
Let h(u) = -8 + 0 + 2 + 3*u. Let s(f) = 58*f - 28*f - 26*f - 7. Let r(o) = -6*h(o) + 5*s(o). What is r(-1)?
-1
Let n(h) be the third derivative of h**5/60 + 7*h**4/24 + h**3 - 50*h**2. What is n(-4)?
-6
Suppose -3*a - 2*a + 15 = 0. Suppose a*o = d + 11, -4*d - 16 = -o - 5. Let y be d*(0 + (-1)/(-2)). Let g(f) = 2*f**2. Calculate g(y).
2
Suppose 10*j + 25 = 5*j. Let m = j + 2. Let o(l) = -6 + 2*l + 1 + 2 + 7. Wha